57?
87
What is the greatest common factor of 168867 and 348?
87
What is the highest common divisor of 177902 and 2?
2
What is the highest common divisor of 115038 and 266?
14
What is the highest common factor of 66 and 7188?
6
What is the highest common divisor of 16 and 109264?
16
Calculate the highest common factor of 5822 and 301892.
142
What is the greatest common factor of 12977133 and 249?
249
What is the greatest common divisor of 36150 and 3675?
75
Calculate the highest common divisor of 80 and 756310.
10
What is the highest common factor of 128025 and 750?
75
Calculate the greatest common factor of 1040 and 11920.
80
Calculate the highest common divisor of 132 and 231880.
44
What is the highest common divisor of 43335 and 80?
5
Calculate the highest common factor of 1095 and 199655.
365
Calculate the greatest common divisor of 357 and 5838.
21
Calculate the greatest common factor of 967 and 4099113.
967
What is the highest common divisor of 130 and 32760?
130
What is the highest common divisor of 85291 and 134?
67
Calculate the greatest common factor of 2022262 and 264.
22
What is the highest common divisor of 120 and 3564228?
12
What is the highest common factor of 10 and 36122?
2
Calculate the highest common divisor of 2815570 and 10.
10
What is the greatest common divisor of 105839 and 1853?
109
What is the highest common factor of 24 and 23007?
3
Calculate the greatest common factor of 41995 and 46081.
227
What is the greatest common factor of 14 and 104783?
7
Calculate the highest common factor of 32 and 204.
4
What is the highest common factor of 923 and 2201?
71
What is the greatest common factor of 660704 and 192?
32
Calculate the greatest common divisor of 3208 and 104.
8
What is the greatest common factor of 3930 and 50?
10
Calculate the highest common factor of 129 and 1431900.
129
What is the highest common factor of 720 and 112?
16
What is the highest common factor of 4597436 and 1432?
716
What is the highest common factor of 1242 and 87078?
138
Calculate the greatest common divisor of 180 and 104868.
36
Calculate the highest common divisor of 7830 and 24165.
135
Calculate the highest common divisor of 55056 and 61008.
1488
What is the highest common divisor of 7 and 6737?
1
Calculate the greatest common divisor of 62389 and 16824.
701
Calculate the highest common factor of 7391 and 53694.
19
What is the greatest common factor of 13248 and 14835?
69
Calculate the greatest common divisor of 24 and 26916.
12
Calculate the highest common divisor of 1365 and 339430.
455
What is the highest common divisor of 7209 and 2136?
267
Calculate the highest common factor of 108 and 35820.
36
Calculate the greatest common divisor of 321 and 58529.
107
Calculate the highest common divisor of 120 and 1770270.
30
Calculate the greatest common factor of 524436 and 132.
132
What is the highest common divisor of 2 and 264070?
2
Calculate the greatest common divisor of 13 and 1443637.
13
What is the greatest common factor of 46833 and 49629?
699
Calculate the highest common divisor of 13356 and 294.
42
What is the highest common divisor of 1246 and 46814?
178
Calculate the greatest common divisor of 15430 and 160.
10
Calculate the highest common factor of 1052 and 6184708.
1052
What is the highest common factor of 29252 and 1648?
412
What is the highest common factor of 3658 and 1457?
31
What is the highest common factor of 79 and 7742?
79
What is the greatest common factor of 86030 and 21?
7
Calculate the greatest common factor of 74 and 89762.
74
What is the highest common divisor of 12 and 66876?
12
What is the highest common factor of 265 and 582311?
53
Calculate the greatest common factor of 4188704 and 416.
416
Calculate the highest common factor of 95 and 87248.
19
What is the highest common factor of 861778 and 535?
107
Calculate the highest common divisor of 1975 and 2525.
25
Calculate the highest common divisor of 26861 and 2.
1
Calculate the highest common factor of 54115 and 4932.
137
What is the greatest common divisor of 6615 and 37035?
45
What is the highest common divisor of 551 and 1121?
19
Calculate the greatest common factor of 112412 and 8.
4
Calculate the highest common factor of 935 and 16218.
17
What is the highest common divisor of 2898 and 45126?
414
What is the greatest common factor of 72051 and 84?
21
What is the highest common factor of 32310 and 225?
45
What is the highest common divisor of 27155 and 55?
5
What is the highest common factor of 61540 and 1700?
340
Calculate the greatest common factor of 108 and 48996.
36
What is the highest common factor of 2045549 and 99?
11
Calculate the highest common factor of 1028 and 5336348.
1028
Calculate the greatest common factor of 3944 and 6554.
58
Calculate the greatest common factor of 93815 and 87.
29
What is the highest common factor of 600 and 48050?
50
What is the highest common divisor of 536 and 364748?
268
What is the greatest common divisor of 112 and 5089?
7
Calculate the greatest common factor of 28 and 85071.
7
Calculate the greatest common divisor of 2373206 and 11.
11
What is the highest common factor of 7 and 65814?
7
Calculate the highest common divisor of 30210 and 15.
15
Calculate the highest common divisor of 78 and 134914.
26
What is the greatest common factor of 8921 and 671?
11
What is the greatest common divisor of 2123 and 5983?
193
What is the greatest common factor of 90182 and 335?
67
What is the greatest common divisor of 477818 and 1628?
814
Calculate the highest common factor of 35 and 319410.
35
What is the greatest common divisor of 5203 and 2068?
11
Calculate the greatest common divisor of 74 and 67414.
74
Calculate the highest common factor of 434020 and 20.
20
Calculate the greatest common factor of 3070 and 190.
10
What is the highest common divisor of 8800 and 816?
16
Calculate the highest common factor of 177329 and 9192.
383
Calculate the greatest common factor of 10101 and 609.
21
Calculate the greatest common divisor of 13288 and 528.
88
What is the highest common divisor of 161 and 293687?
23
Calculate the greatest common divisor of 65 and 1438385.
65
Calculate the highest common factor of 5053 and 36675.
163
Calculate the highest common divisor of 893 and 7828.
19
What is the highest common divisor of 55 and 1188?
11
Calculate the highest common divisor of 36 and 26652.
12
What is the greatest common factor of 3871 and 407435?
49
What is the greatest common factor of 5 and 201805?
5
Calculate the greatest common divisor of 21131 and 748.
187
What is the greatest common factor of 924 and 27412?
308
What is the greatest common factor of 1073 and 13024?
37
What is the greatest common divisor of 760 and 204212?
76
What is the greatest common divisor of 36963 and 54?
27
Calculate the greatest common divisor of 8368 and 16.
16
Calculate the highest common factor of 272720 and 2800.
560
Calculate the highest common divisor of 64148 and 126.
14
What is the highest common factor of 78920 and 4680?
40
Calculate the greatest common factor of 14154 and 896.
14
Calculate the greatest common divisor of 53646 and 126.
6
What is the greatest common divisor of 572 and 92378?
286
What is the highest common factor of 997352 and 8?
8
What is the highest common divisor of 660971 and 307?
307
What is the greatest common factor of 3331510 and 182?
182
What is the highest common divisor of 1659 and 273?
21
Calculate the greatest common divisor of 2120 and 220.
20
What is the highest common factor of 480 and 4365?
15
What is the greatest common factor of 144 and 14841?
9
What is the greatest common factor of 61696 and 256?
256
Calculate the greatest common divisor of 57 and 3927.
3
What is the greatest common factor of 255 and 230282?
17
Calculate the highest common factor of 2860 and 260.
260
Calculate the greatest common divisor of 51 and 521373.
51
What is the highest common divisor of 738 and 2644254?
738
What is the highest common divisor of 82489 and 77?
11
Calculate the greatest common factor of 8910 and 590.
10
Calculate the greatest common factor of 3225 and 9417.
129
What is the greatest common divisor of 1112 and 3640688?
1112
Calculate the greatest common factor of 28 and 1268.
4
What is the greatest common factor of 2696 and 7768?
8
W